{"id":705,"date":"2025-04-02T16:21:26","date_gmt":"2025-04-02T20:21:26","guid":{"rendered":"http:\/\/staging.caribefederal.com\/?page_id=705"},"modified":"2026-08-20T09:28:46","modified_gmt":"2026-08-20T13:28:46","slug":"vehiculos-en-venta","status":"publish","type":"page","link":"https:\/\/caribefederal.com\/en\/vehiculos-en-venta\/","title":{"rendered":"Vehicles for sale"},"content":{"rendered":"<div data-elementor-type=\"wp-page\" data-elementor-id=\"705\" class=\"elementor elementor-705\" data-elementor-post-type=\"page\">\n\t\t\t\t<div class=\"elementor-element elementor-element-805c2aa e-flex e-con-boxed e-con e-parent\" data-id=\"805c2aa\" data-element_type=\"container\" data-e-type=\"container\">\n\t\t\t\t\t<div class=\"e-con-inner\">\n\t\t\t\t<div class=\"elementor-element elementor-element-e636e21 elementor-widget__width-inherit elementor-widget elementor-widget-heading\" data-id=\"e636e21\" data-element_type=\"widget\" data-e-type=\"widget\" data-widget_type=\"heading.default\">\n\t\t\t\t<div class=\"elementor-widget-container\">\n\t\t\t\t\t<h1 class=\"elementor-heading-title elementor-size-default\">Vehicles for sale \u2014 Repossessed vehicles<\/h1>\t\t\t\t<\/div>\n\t\t\t\t<\/div>\n\t\t\t\t<div class=\"elementor-element elementor-element-8d3403f elementor-widget elementor-widget-text-editor\" data-id=\"8d3403f\" data-element_type=\"widget\" data-e-type=\"widget\" data-widget_type=\"text-editor.default\">\n\t\t\t\t<div class=\"elementor-widget-container\">\n\t\t\t\t\t\t\t\t\t<div class=\"page\" title=\"Page 1\"><div class=\"section\"><div class=\"layoutArea\"><div class=\"column\"><p>For more information you can call <strong>787-474-5151<\/strong> at extension <strong>5389<\/strong> or send a mail to <a href=\"mailto:emmanuel.gonzalez@caribefederal.com\">emmanuel.gonzalez@caribefederal.com.<\/a><\/p><\/div><\/div><\/div><\/div>\t\t\t\t\t\t\t\t<\/div>\n\t\t\t\t<\/div>\n\t\t\t\t\t<\/div>\n\t\t\t\t<\/div>\n\t\t<div class=\"elementor-element elementor-element-e4ad051 e-grid e-con-boxed e-con e-parent\" data-id=\"e4ad051\" data-element_type=\"container\" data-e-type=\"container\">\n\t\t\t\t\t<div class=\"e-con-inner\">\n\t\t<div class=\"elementor-element elementor-element-5e9c7e4 e-con-full e-flex e-con e-child\" data-id=\"5e9c7e4\" data-element_type=\"container\" data-e-type=\"container\">\n\t\t\t\t<div class=\"elementor-element elementor-element-bcf2ffa elementor-widget__width-initial elementor-widget elementor-widget-image\" data-id=\"bcf2ffa\" data-element_type=\"widget\" data-e-type=\"widget\" data-widget_type=\"image.default\">\n\t\t\t\t<div class=\"elementor-widget-container\">\n\t\t\t\t\t\t\t\t\t\t\t\t\t\t\t\t<a href=\"https:\/\/caribefederal.com\/wp-content\/uploads\/2026\/08\/TUNDRA-2021.jpg\" data-elementor-open-lightbox=\"yes\" data-elementor-lightbox-title=\"TUNDRA 2021\" data-e-action-hash=\"#elementor-action%3Aaction%3Dlightbox%26settings%3DeyJpZCI6MjA4MTgsInVybCI6Imh0dHBzOlwvXC9jYXJpYmVmZWRlcmFsLmNvbVwvd3AtY29udGVudFwvdXBsb2Fkc1wvMjAyNlwvMDhcL1RVTkRSQS0yMDIxLmpwZyJ9\">\n\t\t\t\t\t\t\t<img fetchpriority=\"high\" decoding=\"async\" width=\"768\" height=\"436\" src=\"https:\/\/caribefederal.com\/wp-content\/uploads\/2026\/08\/TUNDRA-2021-768x436.jpg\" class=\"attachment-medium_large size-medium_large wp-image-20818\" alt=\"\" srcset=\"https:\/\/caribefederal.com\/wp-content\/uploads\/2026\/08\/TUNDRA-2021-768x436.jpg 768w, https:\/\/caribefederal.com\/wp-content\/uploads\/2026\/08\/TUNDRA-2021-300x170.jpg 300w, https:\/\/caribefederal.com\/wp-content\/uploads\/2026\/08\/TUNDRA-2021-1024x581.jpg 1024w, https:\/\/caribefederal.com\/wp-content\/uploads\/2026\/08\/TUNDRA-2021-1536x872.jpg 1536w, https:\/\/caribefederal.com\/wp-content\/uploads\/2026\/08\/TUNDRA-2021-18x10.jpg 18w, https:\/\/caribefederal.com\/wp-content\/uploads\/2026\/08\/TUNDRA-2021.jpg 1958w\" sizes=\"(max-width: 768px) 100vw, 768px\" \/>\t\t\t\t\t\t\t\t<\/a>\n\t\t\t\t\t\t\t\t\t\t\t\t\t\t\t<\/div>\n\t\t\t\t<\/div>\n\t\t\t\t<div class=\"elementor-element elementor-element-5a8c398 elementor-widget elementor-widget-heading\" data-id=\"5a8c398\" data-element_type=\"widget\" data-e-type=\"widget\" data-widget_type=\"heading.default\">\n\t\t\t\t<div class=\"elementor-widget-container\">\n\t\t\t\t\t<h4 class=\"elementor-heading-title elementor-size-default\">Toyota Tundra 2021<\/h4>\t\t\t\t<\/div>\n\t\t\t\t<\/div>\n\t\t\t\t<div class=\"elementor-element elementor-element-b985421 elementor-widget elementor-widget-text-editor\" data-id=\"b985421\" data-element_type=\"widget\" data-e-type=\"widget\" data-widget_type=\"text-editor.default\">\n\t\t\t\t<div class=\"elementor-widget-container\">\n\t\t\t\t\t\t\t\t\t<p>45,010 millas<\/p><p><strong>$38,000<\/strong><\/p>\t\t\t\t\t\t\t\t<\/div>\n\t\t\t\t<\/div>\n\t\t\t\t<\/div>\n\t\t\t\t\t<\/div>\n\t\t\t\t<\/div>\n\t\t\t\t<\/div>","protected":false},"excerpt":{"rendered":"<p>Veh\u00edculos en venta \u2014 Veh\u00edculos repose\u00eddos Para m\u00e1s informaci\u00f3n puede comunicarse al 787-474-5151 a la extensi\u00f3n 5389 o escribiendo a emmanuel.gonzalez@caribefederal.com. Toyota Tundra 2021 45,010 millas $38,000<\/p>","protected":false},"author":6,"featured_media":0,"parent":0,"menu_order":0,"comment_status":"closed","ping_status":"closed","template":"","meta":{"footnotes":""},"class_list":["post-705","page","type-page","status-publish","hentry"],"_links":{"self":[{"href":"https:\/\/caribefederal.com\/en\/wp-json\/wp\/v2\/pages\/705","targetHints":{"allow":["GET"]}}],"collection":[{"href":"https:\/\/caribefederal.com\/en\/wp-json\/wp\/v2\/pages"}],"about":[{"href":"https:\/\/caribefederal.com\/en\/wp-json\/wp\/v2\/types\/page"}],"author":[{"embeddable":true,"href":"https:\/\/caribefederal.com\/en\/wp-json\/wp\/v2\/users\/6"}],"replies":[{"embeddable":true,"href":"https:\/\/caribefederal.com\/en\/wp-json\/wp\/v2\/comments?post=705"}],"version-history":[{"count":48,"href":"https:\/\/caribefederal.com\/en\/wp-json\/wp\/v2\/pages\/705\/revisions"}],"predecessor-version":[{"id":20847,"href":"https:\/\/caribefederal.com\/en\/wp-json\/wp\/v2\/pages\/705\/revisions\/20847"}],"wp:attachment":[{"href":"https:\/\/caribefederal.com\/en\/wp-json\/wp\/v2\/media?parent=705"}],"curies":[{"name":"wp","href":"https:\/\/api.w.org\/{rel}","templated":true}]}}

<p>Vehículos en venta — Vehículos reposeídos Para más información puede comunicarse al 787-474-5151 a la extensión 5389 o escribiendo a emmanuel.gonzalez@caribefederal.com. Toyota Tundra 2021 45,010 millas $38,000</p>
