{"id":1818,"date":"2019-01-22T11:11:35","date_gmt":"2019-01-22T15:11:35","guid":{"rendered":"https:\/\/caribefederal.com\/?post_type=ajde_events&amp;p=1818"},"modified":"2019-01-22T11:11:35","modified_gmt":"2019-01-22T15:11:35","slug":"dia-de-accion-de-gracias-cerrado","status":"publish","type":"ajde_events","link":"https:\/\/caribefederal.com\/en\/events\/dia-de-accion-de-gracias-cerrado\/","title":{"rendered":"D\u00eda de Acci\u00f3n de Gracias &#8211; CERRADO"},"content":{"rendered":"<p>Nuestras sucursales estar\u00e1n cerradas el jueves, 28 de noviembre de 2019.<\/p>","protected":false},"author":6,"featured_media":0,"menu_order":0,"comment_status":"closed","ping_status":"closed","template":"","meta":[],"tags":[],"event_type":[],"event_type_2":[],"class_list":["post-1818","ajde_events","type-ajde_events","status-publish","hentry"],"_links":{"self":[{"href":"https:\/\/caribefederal.com\/en\/wp-json\/wp\/v2\/ajde_events\/1818","targetHints":{"allow":["GET"]}}],"collection":[{"href":"https:\/\/caribefederal.com\/en\/wp-json\/wp\/v2\/ajde_events"}],"about":[{"href":"https:\/\/caribefederal.com\/en\/wp-json\/wp\/v2\/types\/ajde_events"}],"author":[{"embeddable":true,"href":"https:\/\/caribefederal.com\/en\/wp-json\/wp\/v2\/users\/6"}],"replies":[{"embeddable":true,"href":"https:\/\/caribefederal.com\/en\/wp-json\/wp\/v2\/comments?post=1818"}],"wp:attachment":[{"href":"https:\/\/caribefederal.com\/en\/wp-json\/wp\/v2\/media?parent=1818"}],"wp:term":[{"taxonomy":"post_tag","embeddable":true,"href":"https:\/\/caribefederal.com\/en\/wp-json\/wp\/v2\/tags?post=1818"},{"taxonomy":"event_type","embeddable":true,"href":"https:\/\/caribefederal.com\/en\/wp-json\/wp\/v2\/event_type?post=1818"},{"taxonomy":"event_type_2","embeddable":true,"href":"https:\/\/caribefederal.com\/en\/wp-json\/wp\/v2\/event_type_2?post=1818"}],"curies":[{"name":"wp","href":"https:\/\/api.w.org\/{rel}","templated":true}]}}

Día de Acción de Gracias &#8211; CERRADO

<p>Nuestras sucursales estarán cerradas el jueves, 28 de noviembre de 2019.</p>
